n 964 is divided by 207.
136
What is the remainder when 1388 is divided by 339?
32
Calculate the remainder when 1877 is divided by 1440.
437
What is the remainder when 1793 is divided by 487?
332
Calculate the remainder when 198037 is divided by 26.
21
What is the remainder when 12025 is divided by 271?
101
Calculate the remainder when 170412 is divided by 264.
132
Calculate the remainder when 24664 is divided by 93.
19
Calculate the remainder when 39215 is divided by 24.
23
Calculate the remainder when 12076 is divided by 337.
281
Calculate the remainder when 3783 is divided by 535.
38
What is the remainder when 541766 is divided by 482?
480
What is the remainder when 101692 is divided by 11?
8
Calculate the remainder when 37017 is divided by 21.
15
What is the remainder when 326773 is divided by 257?
126
What is the remainder when 2861989 is divided by 596?
593
Calculate the remainder when 1534 is divided by 83.
40
Calculate the remainder when 80348 is divided by 19.
16
What is the remainder when 31178 is divided by 321?
41
Calculate the remainder when 15681 is divided by 1306.
9
Calculate the remainder when 2392 is divided by 244.
196
Calculate the remainder when 4838 is divided by 109.
42
What is the remainder when 4261 is divided by 94?
31
What is the remainder when 6385 is divided by 2994?
397
Calculate the remainder when 26043 is divided by 167.
158
Calculate the remainder when 1307 is divided by 71.
29
Calculate the remainder when 20180 is divided by 55.
50
Calculate the remainder when 1802 is divided by 405.
182
Calculate the remainder when 58156 is divided by 29067.
22
Calculate the remainder when 359831 is divided by 61.
53
Calculate the remainder when 4154 is divided by 2036.
82
What is the remainder when 13029 is divided by 189?
177
What is the remainder when 1749 is divided by 389?
193
Calculate the remainder when 6875 is divided by 2282.
29
Calculate the remainder when 2696 is divided by 180.
176
Calculate the remainder when 211452 is divided by 333.
330
What is the remainder when 4879 is divided by 157?
12
What is the remainder when 15023 is divided by 250?
23
Calculate the remainder when 499811 is divided by 9.
5
What is the remainder when 7126 is divided by 2351?
73
What is the remainder when 1026 is divided by 551?
475
What is the remainder when 340 is divided by 320?
20
What is the remainder when 239561 is divided by 1393?
1358
Calculate the remainder when 533405 is divided by 11853.
20
Calculate the remainder when 91674 is divided by 30555.
9
Calculate the remainder when 58682 is divided by 51.
32
Calculate the remainder when 3369 is divided by 428.
373
What is the remainder when 217782 is divided by 15?
12
What is the remainder when 4374 is divided by 491?
446
Calculate the remainder when 12036 is divided by 12027.
9
Calculate the remainder when 52909 is divided by 4404.
61
What is the remainder when 26995 is divided by 894?
175
Calculate the remainder when 337796 is divided by 120.
116
What is the remainder when 95560 is divided by 126?
52
What is the remainder when 52286 is divided by 152?
150
What is the remainder when 216 is divided by 141?
75
Calculate the remainder when 281511 is divided by 47.
28
Calculate the remainder when 9986 is divided by 241.
105
Calculate the remainder when 1727 is divided by 828.
71
Calculate the remainder when 3812 is divided by 3783.
29
What is the remainder when 1364 is divided by 425?
89
Calculate the remainder when 15120 is divided by 90.
0
Calculate the remainder when 27384 is divided by 45.
24
What is the remainder when 20571 is divided by 363?
243
Calculate the remainder when 30655 is divided by 6130.
5
Calculate the remainder when 2968 is divided by 709.
132
Calculate the remainder when 144079 is divided by 263.
218
Calculate the remainder when 23524 is divided by 114.
40
What is the remainder when 5066 is divided by 1645?
131
What is the remainder when 2458 is divided by 41?
39
Calculate the remainder when 37904 is divided by 14.
6
Calculate the remainder when 162906 is divided by 278.
276
What is the remainder when 13363 is divided by 785?
18
What is the remainder when 9818 is divided by 3169?
311
What is the remainder when 5516 is divided by 237?
65
What is the remainder when 1539 is divided by 734?
71
Calculate the remainder when 5840 is divided by 5802.
38
What is the remainder when 49633 is divided by 51?
10
What is the remainder when 3091 is divided by 1523?
45
Calculate the remainder when 1313 is divided by 655.
3
What is the remainder when 24510 is divided by 353?
153
Calculate the remainder when 2454 is divided by 9.
6
What is the remainder when 215 is divided by 160?
55
Calculate the remainder when 168473 is divided by 129.
128
What is the remainder when 283425 is divided by 94475?
0
Calculate the remainder when 968 is divided by 455.
58
What is the remainder when 305534 is divided by 19095?
14
Calculate the remainder when 31473 is divided by 40.
33
Calculate the remainder when 49716 is divided by 55.
51
Calculate the remainder when 76415 is divided by 2729.
3
Calculate the remainder when 59089 is divided by 5.
4
Calculate the remainder when 4863037 is divided by 1456.
1453
What is the remainder when 85686 is divided by 354?
18
What is the remainder when 8919 is divided by 56?
15
What is the remainder when 78547 is divided by 40?
27
What is the remainder when 2177564 is divided by 65?
64
Calculate the remainder when 922 is divided by 91.
12
What is the remainder when 200205 is divided by 40029?
60
What is the remainder when 3003 is divided by 45?
33
What is the remainder when 433 is divided by 204?
25
What is the remainder when 40587 is divided by 635?
582
Calculate the remainder when 951 is divided by 14.
13
What is the remainder when 16273 is divided by 2670?
253
What is the remainder when 1414 is divided by 474?
466
Calculate the remainder when 26530 is divided by 428.
422
What is the remainder when 57330 is divided by 218?
214
What is the remainder when 13122 is divided by 2589?
177
Calculate the remainder when 382778 is divided by 1043.
1040
Calculate the remainder when 170801 is divided by 579.
575
What is the remainder when 2778 is divided by 2449?
329
What is the remainder when 1221100 is divided by 6860?
20
Calculate the remainder when 7319 is divided by 13.
0
What is the remainder when 230 is divided by 123?
107
Calculate the remainder when 2507 is divided by 638.
593
What is the remainder when 9616 is divided by 743?
700
What is the remainder when 266787 is divided by 77?
59
Calculate the remainder when 263360 is divided by 21.
20
Calculate the remainder when 682267 is divided by 15.
7
Calculate the remainder when 19323 is divided by 128.
123
Calculate the remainder when 2677 is divided by 2643.
34
Calculate the remainder when 1404622 is divided by 156.
154
What is the remainder when 1914 is divided by 623?
45
What is the remainder when 2141 is divided by 369?
296
Calculate the remainder when 231661 is divided by 8.
5
What is the remainder when 35723 is divided by 156?
155
Calculate the remainder when 30137 is divided by 30131.
6
Calculate the remainder when 193839 is divided by 126.
51
Calculate the remainder when 400150 is divided by 1419.
1411
Calculate the remainder when 30945 is divided by 12.
9
What is the remainder when 9374 is divided by 28?
22
What is the remainder when 77145 is divided by 49?
19
Calculate the remainder when 2882517 is divided by 68.
65
What is the remainder when 23788 is divided by 259?
219
What is the remainder when 1226 is divided by 89?
69
What is the remainder when 35726 is divided by 22?
20
What is the remainder when 68359 is divided by 1486?
3
What is the remainder when 61718 is divided by 70?
48
What is the remainder when 109547 is divided by 19?
12
What is the remainder when 10639 is divided by 228?
151
What is the remainder when 2580 is divided by 367?
11
What is the remainder when 452890 is divided by 8?
2
What is the remainder when 3300 is divided by 1082?
54
Calculate the remainder when 16703 is divided by 140.
43
What is the remainder when 13637 is divided by 6812?
13
Calculate the remainder when 126362 is divided by 199.
196
Calculate the remainder when 686 is divided by 83.
22
What is the remainder when 394058 is 